	{"version":"1.0","provider_name":"Italcamara","provider_url":"https:\/\/italcamara-es.com\/it\/","author_name":"administrador","author_url":"https:\/\/italcamara-es.com\/it\/author\/administrador\/","title":"Webinar \"La Spagna che attrae\" - Italcamara","type":"rich","width":600,"height":338,"html":"<blockquote class=\"wp-embedded-content\" data-secret=\"0UcmUKtzY3\"><a href=\"https:\/\/italcamara-es.com\/it\/events\/webinar-la-espana-que-atrae\/\">Webinar &#8220;La Spagna che attrae&#8221;<\/a><\/blockquote><iframe sandbox=\"allow-scripts\" security=\"restricted\" src=\"https:\/\/italcamara-es.com\/it\/events\/webinar-la-espana-que-atrae\/embed\/#?secret=0UcmUKtzY3\" width=\"600\" height=\"338\" title=\"&#8220;Webinar &#8220;La Spagna che attrae&#8221;&#8221; &#8212; Italcamara\" data-secret=\"0UcmUKtzY3\" frameborder=\"0\" marginwidth=\"0\" marginheight=\"0\" scrolling=\"no\" class=\"wp-embedded-content\"><\/iframe><script>\n\/*! This file is auto-generated *\/\n!function(d,l){\"use strict\";l.querySelector&&d.addEventListener&&\"undefined\"!=typeof URL&&(d.wp=d.wp||{},d.wp.receiveEmbedMessage||(d.wp.receiveEmbedMessage=function(e){var t=e.data;if((t||t.secret||t.message||t.value)&&!\/[^a-zA-Z0-9]\/.test(t.secret)){for(var s,r,n,a=l.querySelectorAll('iframe[data-secret=\"'+t.secret+'\"]'),o=l.querySelectorAll('blockquote[data-secret=\"'+t.secret+'\"]'),c=new RegExp(\"^https?:$\",\"i\"),i=0;i<o.length;i++)o[i].style.display=\"none\";for(i=0;i<a.length;i++)s=a[i],e.source===s.contentWindow&&(s.removeAttribute(\"style\"),\"height\"===t.message?(1e3<(r=parseInt(t.value,10))?r=1e3:~~r<200&&(r=200),s.height=r):\"link\"===t.message&&(r=new URL(s.getAttribute(\"src\")),n=new URL(t.value),c.test(n.protocol))&&n.host===r.host&&l.activeElement===s&&(d.top.location.href=t.value))}},d.addEventListener(\"message\",d.wp.receiveEmbedMessage,!1),l.addEventListener(\"DOMContentLoaded\",function(){for(var e,t,s=l.querySelectorAll(\"iframe.wp-embedded-content\"),r=0;r<s.length;r++)(t=(e=s[r]).getAttribute(\"data-secret\"))||(t=Math.random().toString(36).substring(2,12),e.src+=\"#?secret=\"+t,e.setAttribute(\"data-secret\",t)),e.contentWindow.postMessage({message:\"ready\",secret:t},\"*\")},!1)))}(window,document);\n\/\/# sourceURL=https:\/\/italcamara-es.com\/wp-includes\/js\/wp-embed.min.js\n<\/script>\n","thumbnail_url":"https:\/\/italcamara-es.com\/wp-content\/uploads\/2025\/09\/webinar-2.png","thumbnail_width":500,"thumbnail_height":280,"description":"La Camera di Commercio Italiana collabora con\u00a0Gruppo 24Ore\u00a0nell\u2019organizzazione del webinar \u201cLa Spagna che attrae\u201d, in programma\u00a0gioved\u00ec 18 settembre 2025 alle ore 11:00. L\u2019incontro rappresenta un\u2019importante opportunit\u00e0 per approfondire le prospettive economiche della Spagna e le opportunit\u00e0 di investimento e collaborazione che il Paese iberico offre alle imprese italiane. Perch\u00e9 partecipare Il webinar offrir\u00e0 una panoramica [&hellip;]"}

La Camera di Commercio Italiana collabora con Gruppo 24Ore nell’organizzazione del webinar “La Spagna che attrae”, in programma giovedì 18 settembre 2025 alle ore 11:00. L’incontro rappresenta un’importante opportunità per approfondire le prospettive economiche della Spagna e le opportunità di investimento e collaborazione che il Paese iberico offre alle imprese italiane. Perché partecipare Il webinar offrirà una panoramica [&hellip;]
