	{"version":"1.0","provider_name":"Italcamara","provider_url":"https:\/\/italcamara-es.com\/it\/","author_name":"administrador","author_url":"https:\/\/italcamara-es.com\/it\/author\/administrador\/","title":"Cresce il settore dei servizi in Spagna - Italcamara","type":"rich","width":600,"height":338,"html":"<blockquote class=\"wp-embedded-content\" data-secret=\"x3OmFi0B27\"><a href=\"https:\/\/italcamara-es.com\/it\/notizie\/cresce-il-settore-dei-servizi-in-spagna\/\">Cresce il settore dei servizi in Spagna<\/a><\/blockquote><iframe sandbox=\"allow-scripts\" security=\"restricted\" src=\"https:\/\/italcamara-es.com\/it\/notizie\/cresce-il-settore-dei-servizi-in-spagna\/embed\/#?secret=x3OmFi0B27\" width=\"600\" height=\"338\" title=\"&#8220;Cresce il settore dei servizi in Spagna&#8221; &#8212; Italcamara\" data-secret=\"x3OmFi0B27\" frameborder=\"0\" marginwidth=\"0\" marginheight=\"0\" scrolling=\"no\" class=\"wp-embedded-content\"><\/iframe><script>\n\/*! This file is auto-generated *\/\n!function(d,l){\"use strict\";l.querySelector&&d.addEventListener&&\"undefined\"!=typeof URL&&(d.wp=d.wp||{},d.wp.receiveEmbedMessage||(d.wp.receiveEmbedMessage=function(e){var t=e.data;if((t||t.secret||t.message||t.value)&&!\/[^a-zA-Z0-9]\/.test(t.secret)){for(var s,r,n,a=l.querySelectorAll('iframe[data-secret=\"'+t.secret+'\"]'),o=l.querySelectorAll('blockquote[data-secret=\"'+t.secret+'\"]'),c=new RegExp(\"^https?:$\",\"i\"),i=0;i<o.length;i++)o[i].style.display=\"none\";for(i=0;i<a.length;i++)s=a[i],e.source===s.contentWindow&&(s.removeAttribute(\"style\"),\"height\"===t.message?(1e3<(r=parseInt(t.value,10))?r=1e3:~~r<200&&(r=200),s.height=r):\"link\"===t.message&&(r=new URL(s.getAttribute(\"src\")),n=new URL(t.value),c.test(n.protocol))&&n.host===r.host&&l.activeElement===s&&(d.top.location.href=t.value))}},d.addEventListener(\"message\",d.wp.receiveEmbedMessage,!1),l.addEventListener(\"DOMContentLoaded\",function(){for(var e,t,s=l.querySelectorAll(\"iframe.wp-embedded-content\"),r=0;r<s.length;r++)(t=(e=s[r]).getAttribute(\"data-secret\"))||(t=Math.random().toString(36).substring(2,12),e.src+=\"#?secret=\"+t,e.setAttribute(\"data-secret\",t)),e.contentWindow.postMessage({message:\"ready\",secret:t},\"*\")},!1)))}(window,document);\n\/\/# sourceURL=https:\/\/italcamara-es.com\/wp-includes\/js\/wp-embed.min.js\n<\/script>\n","thumbnail_url":"https:\/\/italcamara-es.com\/wp-content\/uploads\/2025\/03\/sector-servicios-250.jpg","thumbnail_width":250,"thumbnail_height":140,"description":"L\u2019attivit\u00e0 economica delle imprese del settore dei servizi in Spagna \u00e8 aumentata ad ottobre al ritmo pi\u00f9 rapido da giugno. L\u2019indice PMI pubblicato dalla societ\u00e0 IHS Markit ha raggiunto\u00a0 il livello di 54,0 punti dai 52,5 di settembre, molto al di sopra delle aspettative degli analisti di Reuters, che havevano previsto un\u00a0 51,8. &nbsp; La [&hellip;]"}

L’attività economica delle imprese del settore dei servizi in Spagna è aumentata ad ottobre al ritmo più rapido da giugno. L’indice PMI pubblicato dalla società IHS Markit ha raggiunto  il livello di 54,0 punti dai 52,5 di settembre, molto al di sopra delle aspettative degli analisti di Reuters, che havevano previsto un  51,8. &nbsp; La [&hellip;]
