	{"version":"1.0","provider_name":"Italcamara","provider_url":"https:\/\/italcamara-es.com\/it\/","author_name":"administrador","author_url":"https:\/\/italcamara-es.com\/it\/author\/administrador\/","title":"La CCIS alla fiera IMEX-Madrid 2025 - Italcamara","type":"rich","width":600,"height":338,"html":"<blockquote class=\"wp-embedded-content\" data-secret=\"uT8GbMXAIA\"><a href=\"https:\/\/italcamara-es.com\/it\/notizie\/la-ccis-alla-fiera-imex-madrid-2025\/\">La CCIS alla fiera IMEX-Madrid 2025<\/a><\/blockquote><iframe sandbox=\"allow-scripts\" security=\"restricted\" src=\"https:\/\/italcamara-es.com\/it\/notizie\/la-ccis-alla-fiera-imex-madrid-2025\/embed\/#?secret=uT8GbMXAIA\" width=\"600\" height=\"338\" title=\"&#8220;La CCIS alla fiera IMEX-Madrid 2025&#8221; &#8212; Italcamara\" data-secret=\"uT8GbMXAIA\" frameborder=\"0\" marginwidth=\"0\" marginheight=\"0\" scrolling=\"no\" class=\"wp-embedded-content\"><\/iframe><script>\n\/*! This file is auto-generated *\/\n!function(d,l){\"use strict\";l.querySelector&&d.addEventListener&&\"undefined\"!=typeof URL&&(d.wp=d.wp||{},d.wp.receiveEmbedMessage||(d.wp.receiveEmbedMessage=function(e){var t=e.data;if((t||t.secret||t.message||t.value)&&!\/[^a-zA-Z0-9]\/.test(t.secret)){for(var s,r,n,a=l.querySelectorAll('iframe[data-secret=\"'+t.secret+'\"]'),o=l.querySelectorAll('blockquote[data-secret=\"'+t.secret+'\"]'),c=new RegExp(\"^https?:$\",\"i\"),i=0;i<o.length;i++)o[i].style.display=\"none\";for(i=0;i<a.length;i++)s=a[i],e.source===s.contentWindow&&(s.removeAttribute(\"style\"),\"height\"===t.message?(1e3<(r=parseInt(t.value,10))?r=1e3:~~r<200&&(r=200),s.height=r):\"link\"===t.message&&(r=new URL(s.getAttribute(\"src\")),n=new URL(t.value),c.test(n.protocol))&&n.host===r.host&&l.activeElement===s&&(d.top.location.href=t.value))}},d.addEventListener(\"message\",d.wp.receiveEmbedMessage,!1),l.addEventListener(\"DOMContentLoaded\",function(){for(var e,t,s=l.querySelectorAll(\"iframe.wp-embedded-content\"),r=0;r<s.length;r++)(t=(e=s[r]).getAttribute(\"data-secret\"))||(t=Math.random().toString(36).substring(2,12),e.src+=\"#?secret=\"+t,e.setAttribute(\"data-secret\",t)),e.contentWindow.postMessage({message:\"ready\",secret:t},\"*\")},!1)))}(window,document);\n\/\/# sourceURL=https:\/\/italcamara-es.com\/wp-includes\/js\/wp-embed.min.js\n<\/script>\n","thumbnail_url":"https:\/\/italcamara-es.com\/wp-content\/uploads\/2025\/03\/CCIS-1.png","thumbnail_width":500,"thumbnail_height":280,"description":"La 23\u00aa edizione di&nbsp;IMEX-Madrid, IMEX-Madrid, si terr\u00e0 dal 19 al 20 febbraio e si svolger\u00e0 nella tradizionale sede del Palacio de Cibeles di Madrid. La fiera&nbsp;IMEX-Madrid&nbsp;\u00e8 il pi\u00f9 grande incontro d\u2019affari internazionale che si tiene in Spagna. Il suo obiettivo principale \u00e8 cercare di migliorare la competitivit\u00e0 delle PMI spagnole e, a tal fine, IMEX [&hellip;]"}

La 23ª edizione di&nbsp;IMEX-Madrid, IMEX-Madrid, si terrà dal 19 al 20 febbraio e si svolgerà nella tradizionale sede del Palacio de Cibeles di Madrid. La fiera&nbsp;IMEX-Madrid&nbsp;è il più grande incontro d’affari internazionale che si tiene in Spagna. Il suo obiettivo principale è cercare di migliorare la competitività delle PMI spagnole e, a tal fine, IMEX [&hellip;]
